{"id":2297,"date":"2026-03-09T13:39:18","date_gmt":"2026-03-09T13:39:18","guid":{"rendered":"https:\/\/guerilla-kueche.de\/?page_id=2297"},"modified":"2026-03-09T13:46:12","modified_gmt":"2026-03-09T13:46:12","slug":"ausbildung-koch-koechin","status":"publish","type":"page","link":"https:\/\/guerilla-kueche.de\/?page_id=2297","title":{"rendered":"Ausbildung Koch\/K\u00f6chin"},"content":{"rendered":"\t\t<div data-elementor-type=\"wp-page\" data-elementor-id=\"2297\" class=\"elementor elementor-2297\" data-elementor-post-type=\"page\">\n\t\t\t\t<div class=\"elementor-element elementor-element-bb3b5ba e-flex e-con-boxed e-con e-parent\" data-id=\"bb3b5ba\" data-element_type=\"container\" data-e-type=\"container\">\n\t\t\t\t\t<div class=\"e-con-inner\">\n\t\t\t\t<div class=\"elementor-element elementor-element-5aa73cb elementor-widget elementor-widget-spacer\" data-id=\"5aa73cb\" data-element_type=\"widget\" data-e-type=\"widget\" data-widget_type=\"spacer.default\">\n\t\t\t\t<div class=\"elementor-widget-container\">\n\t\t\t\t\t\t\t<div class=\"elementor-spacer\">\n\t\t\t<div class=\"elementor-spacer-inner\"><\/div>\n\t\t<\/div>\n\t\t\t\t\t\t<\/div>\n\t\t\t\t<\/div>\n\t\t\t\t\t<\/div>\n\t\t\t\t<\/div>\n\t\t<div class=\"elementor-element elementor-element-6cabe53 e-flex e-con-boxed e-con e-parent\" data-id=\"6cabe53\" data-element_type=\"container\" data-e-type=\"container\">\n\t\t\t\t\t<div class=\"e-con-inner\">\n\t\t\t\t<div class=\"elementor-element elementor-element-fc5dd84 elementor-hidden-mobile elementor-widget elementor-widget-html\" data-id=\"fc5dd84\" data-element_type=\"widget\" data-e-type=\"widget\" data-widget_type=\"html.default\">\n\t\t\t\t<div class=\"elementor-widget-container\">\n\t\t\t\t\t<div style=\"font-size: 70px; line-height: 0.8; color: #ffffff; font-family: Abril Fatface; text-align: center; opacity: 0; animation: fadeIn 0.8s ease-out forwards;\">\nAusbildung\n  <span style=\"position: relative; display: inline-block; white-space: nowrap;\">\n    <!-- NUR dieser Teil wird \"unterstrichen\" -->\n    <span style=\"position: relative; z-index: 2;\">Koch\/ K\u00f6chin<\/span>\n\n    <svg style=\"position: absolute; bottom: -15px; left: -10%; width: 115%; height: 20px; z-index: 0; pointer-events: none;\" viewBox=\"0 0 200 30\" preserveAspectRatio=\"none\">\n      <defs>\n        <filter id=\"brushTextureAnna\">\n          <feTurbulence type=\"fractalNoise\" baseFrequency=\"3\" numOctaves=\"4\" seed=\"5\"\/>\n          <feDisplacementMap in=\"SourceGraphic\" scale=\"2\"\/>\n        <\/filter>\n      <\/defs>\n      <style>\n        @keyframes fadeIn { to { opacity: 1; } }\n        .zigzag-stroke-anna {\n          stroke-dasharray: 650;\n          stroke-dashoffset: 650;\n          animation: drawZigzagAnna 0.35s ease-out 1.2s forwards;\n        }\n        @keyframes drawZigzagAnna { to { stroke-dashoffset: 0; } }\n      <\/style>\n      <path class=\"zigzag-stroke-anna\"\n            d=\"M 0,6 Q 50,5 100,6 T 195,8 Q 140,14 90,15 T 40,20 Q 90,23 140,24 T 195,26\"\n            fill=\"none\"\n            stroke=\"#ce1824\"\n            stroke-width=\"7\"\n            stroke-linecap=\"round\"\n            opacity=\"0.95\"\n            filter=\"url(#brushTextureAnna)\"\/>\n    <\/svg>\n  <\/span>\n  <span style=\"text-decoration: none;\"> (m\/w\/d)<\/span>\n<\/div>\n\t\t\t\t<\/div>\n\t\t\t\t<\/div>\n\t\t\t\t<div class=\"elementor-element elementor-element-7a07ca2 elementor-widget elementor-widget-text-editor\" data-id=\"7a07ca2\" data-element_type=\"widget\" data-e-type=\"widget\" data-widget_type=\"text-editor.default\">\n\t\t\t\t<div class=\"elementor-widget-container\">\n\t\t\t\t\t\t\t\t\t<p>Restaurant #Namenlos | Viersen<\/p>\t\t\t\t\t\t\t\t<\/div>\n\t\t\t\t<\/div>\n\t\t\t\t<div class=\"elementor-element elementor-element-7d6e500 elementor-widget elementor-widget-spacer\" data-id=\"7d6e500\" data-element_type=\"widget\" data-e-type=\"widget\" data-widget_type=\"spacer.default\">\n\t\t\t\t<div class=\"elementor-widget-container\">\n\t\t\t\t\t\t\t<div class=\"elementor-spacer\">\n\t\t\t<div class=\"elementor-spacer-inner\"><\/div>\n\t\t<\/div>\n\t\t\t\t\t\t<\/div>\n\t\t\t\t<\/div>\n\t\t\t\t\t<\/div>\n\t\t\t\t<\/div>\n\t\t<div class=\"elementor-element elementor-element-3e6724d e-flex e-con-boxed e-con e-parent\" data-id=\"3e6724d\" data-element_type=\"container\" data-e-type=\"container\">\n\t\t\t\t\t<div class=\"e-con-inner\">\n\t\t<div class=\"elementor-element elementor-element-b300f48 e-con-full e-flex e-con e-child\" data-id=\"b300f48\" data-element_type=\"container\" data-e-type=\"container\">\n\t\t\t\t<div class=\"elementor-element elementor-element-b2f90d8 elementor-widget elementor-widget-heading\" data-id=\"b2f90d8\" data-element_type=\"widget\" data-e-type=\"widget\" data-widget_type=\"heading.default\">\n\t\t\t\t<div class=\"elementor-widget-container\">\n\t\t\t\t\t<h2 class=\"elementor-heading-title elementor-size-default\">Deine Aufgaben<\/h2>\t\t\t\t<\/div>\n\t\t\t\t<\/div>\n\t\t\t\t<div class=\"elementor-element elementor-element-e05c0cb elementor-widget elementor-widget-text-editor\" data-id=\"e05c0cb\" data-element_type=\"widget\" data-e-type=\"widget\" data-widget_type=\"text-editor.default\">\n\t\t\t\t<div class=\"elementor-widget-container\">\n\t\t\t\t\t\t\t\t\t<ul>\n<li data-start=\"567\" data-end=\"622\"><p data-start=\"569\" data-end=\"622\">Zubereitung frischer Speisen im \u00e0 la carte Gesch\u00e4ft<\/p>\n<\/li>\n<li data-start=\"623\" data-end=\"685\">\n<p data-start=\"625\" data-end=\"685\">Mitwirkung bei Events, Caterings und Sonderveranstaltungen<\/p>\n<\/li>\n<li data-start=\"686\" data-end=\"736\">\n<p data-start=\"688\" data-end=\"736\">Einhaltung von Hygiene- und Qualit\u00e4tsstandards<\/p>\n<\/li>\n<li data-start=\"737\" data-end=\"808\">\n<p data-start=\"739\" data-end=\"808\">Zusammenarbeit im Team und Unterst\u00fctzung bei der K\u00fcchenorganisation<\/p><\/li>\n<\/ul>\t\t\t\t\t\t\t\t<\/div>\n\t\t\t\t<\/div>\n\t\t\t\t<\/div>\n\t\t<div class=\"elementor-element elementor-element-6fd5d27 e-con-full e-flex e-con e-child\" data-id=\"6fd5d27\" data-element_type=\"container\" data-e-type=\"container\" data-settings=\"{&quot;background_background&quot;:&quot;classic&quot;}\">\n\t\t\t\t<\/div>\n\t\t\t\t\t<\/div>\n\t\t\t\t<\/div>\n\t\t<div class=\"elementor-element elementor-element-d770ff9 e-flex e-con-boxed e-con e-parent\" data-id=\"d770ff9\" data-element_type=\"container\" data-e-type=\"container\">\n\t\t\t\t\t<div class=\"e-con-inner\">\n\t\t\t\t<div class=\"elementor-element elementor-element-774694c elementor-widget elementor-widget-spacer\" data-id=\"774694c\" data-element_type=\"widget\" data-e-type=\"widget\" data-widget_type=\"spacer.default\">\n\t\t\t\t<div class=\"elementor-widget-container\">\n\t\t\t\t\t\t\t<div class=\"elementor-spacer\">\n\t\t\t<div class=\"elementor-spacer-inner\"><\/div>\n\t\t<\/div>\n\t\t\t\t\t\t<\/div>\n\t\t\t\t<\/div>\n\t\t\t\t\t<\/div>\n\t\t\t\t<\/div>\n\t\t<div class=\"elementor-element elementor-element-f909719 e-flex e-con-boxed e-con e-parent\" data-id=\"f909719\" data-element_type=\"container\" data-e-type=\"container\">\n\t\t\t\t\t<div class=\"e-con-inner\">\n\t\t<div class=\"elementor-element elementor-element-459b39f e-con-full e-flex e-con e-child\" data-id=\"459b39f\" data-element_type=\"container\" data-e-type=\"container\" data-settings=\"{&quot;background_background&quot;:&quot;classic&quot;}\">\n\t\t\t\t<\/div>\n\t\t<div class=\"elementor-element elementor-element-db93631 e-con-full e-flex e-con e-child\" data-id=\"db93631\" data-element_type=\"container\" data-e-type=\"container\">\n\t\t\t\t<div class=\"elementor-element elementor-element-ea44d6b elementor-widget elementor-widget-heading\" data-id=\"ea44d6b\" data-element_type=\"widget\" data-e-type=\"widget\" data-widget_type=\"heading.default\">\n\t\t\t\t<div class=\"elementor-widget-container\">\n\t\t\t\t\t<h2 class=\"elementor-heading-title elementor-size-default\">Dein Profil<\/h2>\t\t\t\t<\/div>\n\t\t\t\t<\/div>\n\t\t\t\t<div class=\"elementor-element elementor-element-a2baff3 elementor-widget elementor-widget-text-editor\" data-id=\"a2baff3\" data-element_type=\"widget\" data-e-type=\"widget\" data-widget_type=\"text-editor.default\">\n\t\t\t\t<div class=\"elementor-widget-container\">\n\t\t\t\t\t\t\t\t\t<ul><li data-section-id=\"g257es\" data-start=\"636\" data-end=\"680\"><p data-start=\"638\" data-end=\"680\">Interesse an Lebensmitteln und am Kochen<\/p><\/li><li data-section-id=\"15xs1pr\" data-start=\"681\" data-end=\"741\"><p data-start=\"683\" data-end=\"741\">Kreativit\u00e4t und Spa\u00df daran, neue Gerichte auszuprobieren<\/p><\/li><li data-section-id=\"rsn3qe\" data-start=\"742\" data-end=\"779\"><p data-start=\"744\" data-end=\"779\">Teamf\u00e4higkeit und Zuverl\u00e4ssigkeit<\/p><\/li><li data-start=\"833\" data-end=\"915\">Motivation, Neues zu lernen und Verantwortung zu \u00fcbernehmen<\/li><\/ul>\t\t\t\t\t\t\t\t<\/div>\n\t\t\t\t<\/div>\n\t\t\t\t<\/div>\n\t\t\t\t\t<\/div>\n\t\t\t\t<\/div>\n\t\t<div class=\"elementor-element elementor-element-fae9ac7 e-flex e-con-boxed e-con e-parent\" data-id=\"fae9ac7\" data-element_type=\"container\" data-e-type=\"container\">\n\t\t\t\t\t<div class=\"e-con-inner\">\n\t\t\t\t<div class=\"elementor-element elementor-element-4e5420e elementor-widget elementor-widget-spacer\" data-id=\"4e5420e\" data-element_type=\"widget\" data-e-type=\"widget\" data-widget_type=\"spacer.default\">\n\t\t\t\t<div class=\"elementor-widget-container\">\n\t\t\t\t\t\t\t<div class=\"elementor-spacer\">\n\t\t\t<div class=\"elementor-spacer-inner\"><\/div>\n\t\t<\/div>\n\t\t\t\t\t\t<\/div>\n\t\t\t\t<\/div>\n\t\t\t\t\t<\/div>\n\t\t\t\t<\/div>\n\t\t<div class=\"elementor-element elementor-element-7b5458d e-flex e-con-boxed e-con e-parent\" data-id=\"7b5458d\" data-element_type=\"container\" data-e-type=\"container\">\n\t\t\t\t\t<div class=\"e-con-inner\">\n\t\t<div class=\"elementor-element elementor-element-d60b4c8 e-con-full e-flex e-con e-child\" data-id=\"d60b4c8\" data-element_type=\"container\" data-e-type=\"container\">\n\t\t\t\t<div class=\"elementor-element elementor-element-8573427 elementor-widget elementor-widget-heading\" data-id=\"8573427\" data-element_type=\"widget\" data-e-type=\"widget\" data-widget_type=\"heading.default\">\n\t\t\t\t<div class=\"elementor-widget-container\">\n\t\t\t\t\t<h2 class=\"elementor-heading-title elementor-size-default\">Wir bieten<\/h2>\t\t\t\t<\/div>\n\t\t\t\t<\/div>\n\t\t\t\t<div class=\"elementor-element elementor-element-a2e1962 elementor-widget elementor-widget-text-editor\" data-id=\"a2e1962\" data-element_type=\"widget\" data-e-type=\"widget\" data-widget_type=\"text-editor.default\">\n\t\t\t\t<div class=\"elementor-widget-container\">\n\t\t\t\t\t\t\t\t\t<ul><li data-section-id=\"5qqdsc\" data-start=\"868\" data-end=\"958\"><p data-start=\"870\" data-end=\"958\"><span data-start=\"870\" data-end=\"912\">Sehr abwechslungsreiche Kochausbildung<\/span> mit Einblick in verschiedene K\u00fcchenbereiche<\/p><\/li><li data-section-id=\"1a1gs38\" data-start=\"959\" data-end=\"1040\"><p data-start=\"961\" data-end=\"1040\">Arbeiten im <span data-start=\"973\" data-end=\"1038\">\u00e0 la carte Gesch\u00e4ft, bei Events, Caterings und im Caf\u00e9betrieb<\/span><\/p><\/li><li data-section-id=\"1a1gs38\" data-start=\"959\" data-end=\"1040\"><p data-start=\"961\" data-end=\"1040\"><span data-start=\"973\" data-end=\"1038\">Ein motiviertes Team, das dich w\u00e4hrend der Ausbildung begleitet<\/span><\/p><\/li><li data-start=\"567\" data-end=\"622\"><p data-start=\"569\" data-end=\"622\"><span data-start=\"176\" data-end=\"204\">Sonn- und Feiertage frei<\/span><\/p><\/li><li data-start=\"207\" data-end=\"308\"><p data-start=\"209\" data-end=\"308\">Mitarbeitervorteile, wie ein <span data-start=\"344\" data-end=\"378\">neues Handy nach der Probezeit<\/span><\/p><\/li><li data-start=\"381\" data-end=\"461\"><p data-start=\"383\" data-end=\"461\">Raum f\u00fcr <span data-start=\"473\" data-end=\"489\">eigene Ideen<\/span> und Mitgestaltung<\/p><\/li><\/ul>\t\t\t\t\t\t\t\t<\/div>\n\t\t\t\t<\/div>\n\t\t\t\t<\/div>\n\t\t<div class=\"elementor-element elementor-element-bbff684 e-con-full e-flex e-con e-child\" data-id=\"bbff684\" data-element_type=\"container\" data-e-type=\"container\" data-settings=\"{&quot;background_background&quot;:&quot;classic&quot;}\">\n\t\t\t\t<\/div>\n\t\t\t\t\t<\/div>\n\t\t\t\t<\/div>\n\t\t\t\t<\/div>\n\t\t","protected":false},"excerpt":{"rendered":"<p>Ausbildung Koch\/ K\u00f6chin (m\/w\/d) Restaurant #Namenlos | Viersen Deine Aufgaben Zubereitung frischer Speisen im \u00e0 la carte Gesch\u00e4ft Mitwirkung bei Events, Caterings und Sonderveranstaltungen Einhaltung von Hygiene- und Qualit\u00e4tsstandards Zusammenarbeit im Team und Unterst\u00fctzung bei der K\u00fcchenorganisation Dein Profil Interesse an Lebensmitteln und am Kochen Kreativit\u00e4t und Spa\u00df daran, neue Gerichte auszuprobieren Teamf\u00e4higkeit und Zuverl\u00e4ssigkeit&hellip; <a class=\"more-link\" href=\"https:\/\/guerilla-kueche.de\/?page_id=2297\"><span class=\"screen-reader-text\">Ausbildung Koch\/K\u00f6chin<\/span> weiterlesen<\/a><\/p>\n","protected":false},"author":3,"featured_media":0,"parent":0,"menu_order":0,"comment_status":"closed","ping_status":"closed","template":"","meta":{"footnotes":""},"class_list":["post-2297","page","type-page","status-publish","hentry","entry"],"jetpack_sharing_enabled":true,"_links":{"self":[{"href":"https:\/\/guerilla-kueche.de\/index.php?rest_route=\/wp\/v2\/pages\/2297","targetHints":{"allow":["GET"]}}],"collection":[{"href":"https:\/\/guerilla-kueche.de\/index.php?rest_route=\/wp\/v2\/pages"}],"about":[{"href":"https:\/\/guerilla-kueche.de\/index.php?rest_route=\/wp\/v2\/types\/page"}],"author":[{"embeddable":true,"href":"https:\/\/guerilla-kueche.de\/index.php?rest_route=\/wp\/v2\/users\/3"}],"replies":[{"embeddable":true,"href":"https:\/\/guerilla-kueche.de\/index.php?rest_route=%2Fwp%2Fv2%2Fcomments&post=2297"}],"version-history":[{"count":10,"href":"https:\/\/guerilla-kueche.de\/index.php?rest_route=\/wp\/v2\/pages\/2297\/revisions"}],"predecessor-version":[{"id":2309,"href":"https:\/\/guerilla-kueche.de\/index.php?rest_route=\/wp\/v2\/pages\/2297\/revisions\/2309"}],"wp:attachment":[{"href":"https:\/\/guerilla-kueche.de\/index.php?rest_route=%2Fwp%2Fv2%2Fmedia&parent=2297"}],"curies":[{"name":"wp","href":"https:\/\/api.w.org\/{rel}","templated":true}]}}